{"id":7825,"date":"2025-09-06T19:01:04","date_gmt":"2025-09-06T17:01:04","guid":{"rendered":"https:\/\/www.skinconcept.at\/?page_id=7825"},"modified":"2025-09-07T12:48:36","modified_gmt":"2025-09-07T10:48:36","slug":"aestheticconcept","status":"publish","type":"page","link":"https:\/\/www.skinconcept.at\/?page_id=7825","title":{"rendered":"AestheticConcept ALT"},"content":{"rendered":"<p><a id=\"tve-jump-17279d55306\" href=\"https:\/\/www.skinconcept.at\" data-id-d=\"4\" data-img-style=\"\"><img loading=\"lazy\" decoding=\"async\" src=\"https:\/\/www.skinconcept.at\/wp-content\/uploads\/2020\/04\/Skin-Concept-Final_flach_schwarz-1.jpg\" height=\"415\" width=\"2419\" alt=\"\" style=\"\"><\/img><\/a><a href=\"https:\/\/www.instagram.com\/skinconceptvienna\/\">                    <\/a><a href=\"https:\/\/www.facebook.com\/www.skinconcept.at\/?ref=bookmarks\">                    <\/a><a href=\"tel:+436766173766\">                    <\/a><a href=\"https:\/\/www.skinconcept.at\/?page_id=3179\">                    <\/a><a href=\"https:\/\/www.skinconcept.at\/?page_id=2621\">                    <\/a><a href=\"#tve-jump-17279d55306\">                    <\/a><span style=\"\"><a href=\"https:\/\/buchung.treatwell.at\/ort\/skinconcept\/\" rel=\"\"><img decoding=\"async\" alt=\"\" data-id=\"7512\" width=\"100\" data-init-width=\"168\" height=\"101\" data-init-height=\"169\" title=\"Termin Buchen_ROSA_SW_SCHRIFT\" src=\"https:\/\/www.skinconcept.at\/wp-content\/uploads\/2023\/10\/Termin-Buchen_ROSA_SW_SCHRIFT.png\" data-width=\"100\" data-height=\"101\" style=\"aspect-ratio: auto 168 \/ 169;\" ml-d=\"0\" mt-d=\"0\" data-link-wrap=\"true\" loading=\"lazy\"><\/a><\/span><span style=\"\"><img decoding=\"async\" alt=\"\" data-id=\"7855\" width=\"70\" data-init-width=\"187\" height=\"71\" data-init-height=\"188\" title=\"Aesthetik_ICON\" loading=\"lazy\" src=\"https:\/\/www.skinconcept.at\/wp-content\/uploads\/2025\/09\/Aesthetik_ICON-1.jpg\" style=\"aspect-ratio: auto 187 \/ 188;\" mt-d=\"0\" data-width=\"70\" data-height=\"71\" ml-d=\"0\" ml-m=\"0\"><\/span><\/p>\n<h3 style=\"text-align: center;\">Mikro-Invasive \u00c4sthetik<\/h3>\n<h3 style=\"text-align: center;\">AestheticConcept<\/h3>\n<p style=\"text-align: left;\"><span style=\"\">herbs2peel ist eine erprobte, nat\u00fcrliche Methode zur Korrektur und Regeneration der Haut, basierend auf einer Mischung reiner Kr\u00e4uter frei von chemischen Zus\u00e4tzen oder synthetischen Schleif- oder Bindemitteln. Die Kr\u00e4uter werden in Kombination mit speziell &#8211; auch auf Naturbasis entwickelten &#8211; Pr\u00e4paraten in die Haut einmassiert. Die speziell selektierten Kr\u00e4uter enthalten unter anderem wertvolle Proteine, Kohlenhydrate, Vitamine und Enzyme. Kr\u00e4utereigene Mikropartikel entfernen die obersten Hautschichten, w\u00e4hrend die n\u00e4hrstoffreichen, aktiven Substanzen in die Hautschichten eindringen.<\/span><\/p>\n<h3 style=\"text-align: center; color: rgb(0, 0, 0) !important; --tcb-applied-color:rgb(0, 0, 0)  !important;\">&nbsp;Dr. Andrea &nbsp;An tl<\/h3>\n<p><strong>Privatpraxis f\u00fcr mikro-invasive \u00c4sthetik.<\/strong><\/p>\n<p>Unsere Spezialisierung liegt auf sanften Eingriffen zur Falten- und Volumenbehandlung. Alle Treatments erfolgen in unseren Praxisr\u00e4umlichkeiten \u2013 mit h\u00f6chster Fachkompetenz, nach strengen medizinischen Standards und ausschlie\u00dflich mit gepr\u00fcften Qualit\u00e4tsprodukten. Unser Anspruch: Ergebnisse, die nat\u00fcrlich wirken und Ihre Frische unterstreichen. Jede Behandlung wird individuell auf Ihre Bed\u00fcrfnisse abgestimmt. Gerne informieren wir Sie pers\u00f6nlich \u00fcber die M\u00f6glichkeiten der mikro-invasiven \u00c4sthetik.<\/p>\n<p><span><img decoding=\"async\" alt=\"\" data-id=\"7860\" width=\"154\" data-init-width=\"283\" height=\"223\" data-init-height=\"409\" title=\"Andrea Antl\" loading=\"lazy\" src=\"https:\/\/www.skinconcept.at\/wp-content\/uploads\/2025\/09\/Andrea-Antl.jpg\" data-width=\"154\" data-height=\"223\" style=\"aspect-ratio: auto 283 \/ 409;\"><\/span><\/p>\n<p>Als erfahrene \u00c4rztin f\u00fcr \u00e4sthetische Medizin ist es mir ein Anliegen, die nat\u00fcrliche Sch\u00f6nheit meiner Kundinnen und Kunden zu unterstreichen. In meiner Praxis verbinde ich moderne Behandlungsmethoden mit einem ganzheitlichen Ansatz, bei dem Individualit\u00e4t, Nat\u00fcrlichkeit und Harmonie im Mittelpunkt stehen. Durch internationale Fortbildungen integriere ich aktuelle Trends und Technologien in meinen Alltag. Mein Ziel sind Ergebnisse, die nicht nur sichtbar, sondern vor allem stimmig und nat\u00fcrlich wirken. Am meisten Freude bereitet es mir, wenn meine Patientinnen und Patienten sich im Spiegel wieder mit einem selbstbewussten L\u00e4cheln begegnen. Ich freue mich, Sie pers\u00f6nlich in meiner Ordination willkommen zu hei\u00dfen.<\/p>\n<h2 style=\"text-align: center;\"><em>#<span>Aesthetic&nbsp;<\/span><\/em><\/h2>\n<p><span><img decoding=\"async\" alt=\"\" data-id=\"7850\" width=\"874\" data-init-width=\"1748\" height=\"874\" data-init-height=\"1748\" title=\"RZ_2025-008-018_AestheticConcept Preise 2025_Herbst_Einfu\u0308hrungsversion3\" loading=\"lazy\" src=\"https:\/\/www.skinconcept.at\/wp-content\/uploads\/2025\/09\/RZ_2025-008-018_AestheticConcept-Preise-2025_Herbst_Einfuehrungsversion3.jpg\" data-width=\"874\" data-height=\"874\" style=\"aspect-ratio: auto 1748 \/ 1748;\"><\/span><span><img decoding=\"async\" alt=\"\" data-id=\"7851\" width=\"431\" data-init-width=\"1748\" height=\"431\" data-init-height=\"1748\" title=\"RZ_2025-008-018_AestheticConcept Preise 2025_Herbst_Einfu\u0308hrungsversion4\" loading=\"lazy\" src=\"https:\/\/www.skinconcept.at\/wp-content\/uploads\/2025\/09\/RZ_2025-008-018_AestheticConcept-Preise-2025_Herbst_Einfuehrungsversion4.jpg\" data-width=\"431\" data-height=\"431\" style=\"aspect-ratio: auto 1748 \/ 1748;\"><\/span><\/p>\n<h5 style=\"text-align: center; color: rgb(76, 76, 76) !important; --tcb-applied-color:rgb(76, 76, 76)  !important;\"><span style=\"--tcb-applied-color:rgb(76, 76, 76)  !important;\">Aesthetic = Lehre von der&nbsp;<a href=\"https:\/\/de.wikipedia.org\/wiki\/Sch%C3%B6nheit\" title=\"Sch\u00f6nheit\" style=\"outline: none;\">Sch\u00f6nheit<\/a><\/span><\/h5>\n<p style=\"text-align: center;\"><strong>Testimonials<\/strong><\/p>\n<h3 style=\"text-align: center;\">\u201eWas unsere Kundinnen sagen\u201c<\/h3>\n<h6 style=\"text-align: center; color: rgb(166, 166, 166) !important; --tcb-applied-color:rgb(166, 166, 166)  !important;\">\u201eFeinste Arbeit<\/h6>\n<p>Super professionelle Behandlungen!Permanent Makeup &#8211; feinste Arbeit!Super Beratung. Angenehmes Ambiente, l\u00e4dt zum Entspannen ein! Vollste Empfehlung!<\/p>\n<h6 data-ft=\"{&quot;tn&quot;:&quot;C&quot;}\"><span data-ft=\"{&quot;tn&quot;:&quot;l&quot;}\" title=\"Nelly Paulina\">M. from Treatwell Review<\/span><\/h6>\n<h6 style=\"text-align: center; color: rgb(166, 166, 166) !important; --tcb-applied-color:rgb(166, 166, 166)  !important;\">\u201ePerfektion\u201c<\/h6>\n<p>Ich bin total zufrieden mit dem Ergebnis meines Microbladings und begeistert mit welcher Perfektion und Freude hier gearbeitet wird!<\/p>\n<h6 data-ft=\"{&quot;tn&quot;:&quot;C&quot;}\"><span data-ft=\"{&quot;tn&quot;:&quot;l&quot;}\" title=\"Nelly Paulina\">S. from TREATWELL Review<\/span><\/h6>\n<h6 style=\"text-align: center; color: rgb(166, 166, 166) !important; --tcb-applied-color:rgb(166, 166, 166)  !important;\">\u201eSehr sauber\u201c<\/h6>\n<p>Monika arbeitet h\u00f6chst professionell. Sie nimmt die W\u00fcnsche des Kunden wahr und ber\u00e4t ehrlich und kompetent. Das Studio ist eine Wohlf\u00fchl-Oase. Top!<\/p>\n<h6 data-ft=\"{&quot;tn&quot;:&quot;C&quot;}\">K. from TREATWELL Review<\/h6>\n<h6 style=\"text-align: center; color: rgb(166, 166, 166) !important; --tcb-applied-color:rgb(166, 166, 166)  !important;\">\u201eSuper sauber\u201c<\/h6>\n<p>Monika hat mir die Augenbrauen genau so gemacht wie ich mir diese vorgestellt habe bin sehr zufrieden mit dem Ergebnis. Sehr sch\u00f6nes Studio mit liebe zum Detail.<\/p>\n<h6 data-ft=\"{&quot;tn&quot;:&quot;C&quot;}\"><span data-ft=\"{&quot;tn&quot;:&quot;l&quot;}\" title=\"Nelly Paulina\">B. from Treatwell Review<\/span><\/h6>\n<h6 style=\"text-align: center; color: rgb(166, 166, 166) !important; --tcb-applied-color:rgb(166, 166, 166)  !important;\">\u201eSuper zufrieden\u201c<\/h6>\n<p>Mir wurde SkinConcept von einer Visagistin empfohlen, weil ich mir die Augenbrauen machen wollte. Sie hat mir gesagt Monika sei die Beste! Und das stimmt!!! Ich bin total happy!! Sie hat das so wundersch\u00f6n und genau gemacht! Monika hat sich viel Zeit genommen und hat es sehr ruhig und schmerzfrei gemacht. Das Studio ist sauber und sch\u00f6n. Preislich h\u00e4t ich auch mehr bezahlt. Fand es f\u00fcr solch eine Qualit\u00e4t fast ein bisschen zu g\u00fcnstig. ( und die erste Nachbehandlung ist auch noch kostenlos) Ich kann sie echt auch mit gutem Gewissen weiterempfehlen!<\/p>\n<h6 data-ft=\"{&quot;tn&quot;:&quot;C&quot;}\"><span data-ft=\"{&quot;tn&quot;:&quot;l&quot;}\" title=\"Nelly Paulina\">A. from TREATWELL Review<\/span><\/h6>\n<p><a href=\"https:\/\/www.skinconcept.at\/?page_id=3179\" rel=\"\" style=\"\"><\/p>\n<h4 data-hide=\"true\" style=\"text-align: center;\">Kontakt<\/h4>\n<p><\/a><a href=\"https:\/\/www.skinconcept.at\/?page_id=2621\" rel=\"\" style=\"\"><\/p>\n<h4 style=\"text-align: center;\">Anfahrtsweg<\/h4>\n<p><\/a><a href=\"https:\/\/www.skinconcept.at\/?page_id=3396\" rel=\"\"><\/p>\n<h4 style=\"text-align: center;\"><span style=\"font-weight: normal;\">Impressum<\/span><\/h4>\n<p><\/a><a href=\"https:\/\/www.skinconcept.at\/?page_id=6628\" rel=\"\" style=\"\"><\/p>\n<h4 data-alt-text=\"AGB\" style=\"text-align: center;\"><span style=\"text-decoration: none;\">AGB<\/span><\/h4>\n<p><\/a><a href=\"https:\/\/www.skinconcept.at\/?page_id=3356\" rel=\"\"><\/p>\n<h4 style=\"text-align: center;\">Datenschutz<\/h4>\n<p><\/a><a href=\"https:\/\/www.skinconcept.at\/?page_id=3456\" rel=\"\" style=\"\"><\/p>\n<h4 style=\"text-align: center;\">Nutzunsbedingungen<\/h4>\n<p><\/a><a href=\"https:\/\/www.instagram.com\/skinconceptvienna\/\" target=\"_blank\">                    <\/a><a href=\"https:\/\/www.facebook.com\/www.skinconcept.at\/?ref=bookmarks\" target=\"_blank\">                    <\/a><a href=\"tel:+436766173766\">                    <\/a><span><a href=\"https:\/\/www.skinconcept.at\"><img decoding=\"async\" alt=\"\" data-id=\"76\" width=\"260\" data-init-width=\"1246\" height=\"68\" data-init-height=\"326\" title=\"Skin Concept-Final_flach_schwarz\" src=\"https:\/\/www.skinconcept.at\/wp-content\/uploads\/2020\/04\/Skin-Concept-Final_flach_schwarz.png\" data-width=\"260\" data-height=\"68\" style=\"aspect-ratio: auto 1246 \/ 326;\" ml-d=\"0\" data-link-wrap=\"true\" loading=\"lazy\"><\/a><\/span><\/p>\n<p style=\"text-align: left; color: inherit !important; --tcb-applied-color: inherit !important;\">Wattmanngasse 12\/Top 5, 1130 Wien, Hietzing, \u00d6sterreich<\/p>\n<p style=\"text-align: left; color: inherit !important; --tcb-applied-color: inherit !important;\">Tel.: <a href=\"tel:0676%206173766\" style=\"outline: none;\">+43-676-6173766<\/a><\/p>\n<p style=\"text-align: left; color: inherit !important; --tcb-applied-color: inherit !important;\">E-Mail: <a href=\"https:\/\/www.skinconcept.at\/?page_id=3179\" style=\"outline: none;\">monika@skinconcept.at<\/a><\/p>\n<p style=\"text-align: center; letter-spacing: 0px;\"><span>\u00a9 2021 <span style=\"font-family: Cinzel; font-weight: 400;\">SkinConcept &nbsp;| &nbsp;<\/span><strong>Monika Ficenec (Inh.)<\/strong> &nbsp;| &nbsp;Pow<\/span>ered by WordPress &nbsp;| &nbsp;Theme: Thrive Architect &nbsp;| &nbsp;<a href=\"http:\/\/www.idesixx.com\" target=\"_blank\" style=\"outline: none;\" data-tcb_hover_state_parent=\"\"><strong>Grafikb\u00fcro: Idesixx@gmail.com<\/strong><\/a><\/p>\n","protected":false},"excerpt":{"rendered":"<p>Mikro-Invasive \u00c4sthetik AestheticConcept herbs2peel ist eine erprobte, nat\u00fcrliche Methode zur Korrektur und Regeneration der Haut, basierend auf einer Mischung reiner Kr\u00e4uter frei von chemischen Zus\u00e4tzen oder synthetischen Schleif- oder Bindemitteln. Die Kr\u00e4uter werden in Kombination mit speziell &#8211; auch auf Naturbasis entwickelten &#8211; Pr\u00e4paraten in die Haut einmassiert. Die speziell selektierten Kr\u00e4uter enthalten unter anderem [&hellip;]<\/p>\n","protected":false},"author":1,"featured_media":0,"parent":5606,"menu_order":0,"comment_status":"closed","ping_status":"closed","template":"","meta":{"footnotes":""},"class_list":["post-7825","page","type-page","status-publish","hentry"],"_links":{"self":[{"href":"https:\/\/www.skinconcept.at\/index.php?rest_route=\/wp\/v2\/pages\/7825","targetHints":{"allow":["GET"]}}],"collection":[{"href":"https:\/\/www.skinconcept.at\/index.php?rest_route=\/wp\/v2\/pages"}],"about":[{"href":"https:\/\/www.skinconcept.at\/index.php?rest_route=\/wp\/v2\/types\/page"}],"author":[{"embeddable":true,"href":"https:\/\/www.skinconcept.at\/index.php?rest_route=\/wp\/v2\/users\/1"}],"replies":[{"embeddable":true,"href":"https:\/\/www.skinconcept.at\/index.php?rest_route=%2Fwp%2Fv2%2Fcomments&post=7825"}],"version-history":[{"count":30,"href":"https:\/\/www.skinconcept.at\/index.php?rest_route=\/wp\/v2\/pages\/7825\/revisions"}],"predecessor-version":[{"id":7881,"href":"https:\/\/www.skinconcept.at\/index.php?rest_route=\/wp\/v2\/pages\/7825\/revisions\/7881"}],"up":[{"embeddable":true,"href":"https:\/\/www.skinconcept.at\/index.php?rest_route=\/wp\/v2\/pages\/5606"}],"wp:attachment":[{"href":"https:\/\/www.skinconcept.at\/index.php?rest_route=%2Fwp%2Fv2%2Fmedia&parent=7825"}],"curies":[{"name":"wp","href":"https:\/\/api.w.org\/{rel}","templated":true}]}}